of 14491?
9
What is the hundreds digit of 7031?
0
What is the tens digit of 4632?
3
What is the hundreds digit of 1540?
5
What is the units digit of 582?
2
What is the hundreds digit of 5067?
0
What is the tens digit of 72619?
1
What is the tens digit of 2534?
3
What is the thousands digit of 6203?
6
What is the thousands digit of 10940?
0
What is the tens digit of 9305?
0
What is the thousands digit of 1141?
1
What is the thousands digit of 7352?
7
What is the units digit of 890?
0
What is the tens digit of 9696?
9
What is the units digit of 7090?
0
What is the ten thousands digit of 38129?
3
What is the hundreds digit of 145?
1
What is the units digit of 2038?
8
What is the hundreds digit of 2893?
8
What is the thousands digit of 22705?
2
What is the hundreds digit of 5146?
1
What is the tens digit of 79?
7
What is the thousands digit of 22151?
2
What is the units digit of 15564?
4
What is the tens digit of 4375?
7
What is the tens digit of 832?
3
What is the tens digit of 24?
2
What is the tens digit of 1406?
0
What is the tens digit of 2691?
9
What is the tens digit of 5126?
2
What is the units digit of 8965?
5
What is the hundreds digit of 846?
8
What is the hundreds digit of 21170?
1
What is the tens digit of 6440?
4
What is the tens digit of 193?
9
What is the ten thousands digit of 48819?
4
What is the units digit of 14179?
9
What is the tens digit of 56841?
4
What is the tens digit of 51324?
2
What is the tens digit of 389?
8
What is the thousands digit of 4354?
4
What is the tens digit of 119799?
9
What is the hundreds digit of 619?
6
What is the hundreds digit of 15656?
6
What is the hundreds digit of 355?
3
What is the hundreds digit of 1627?
6
What is the hundreds digit of 56079?
0
What is the hundreds digit of 35379?
3
What is the thousands digit of 12958?
2
What is the units digit of 13015?
5
What is the units digit of 14?
4
What is the units digit of 1221?
1
What is the units digit of 155313?
3
What is the thousands digit of 24754?
4
What is the hundreds digit of 863?
8
What is the units digit of 14715?
5
What is the units digit of 5934?
4
What is the hundreds digit of 494?
4
What is the ten thousands digit of 10258?
1
What is the units digit of 201?
1
What is the thousands digit of 1771?
1
What is the hundreds digit of 1048?
0
What is the thousands digit of 2081?
2
What is the tens digit of 16620?
2
What is the hundreds digit of 2950?
9
What is the hundreds digit of 1355?
3
What is the thousands digit of 4516?
4
What is the units digit of 11447?
7
What is the tens digit of 37093?
9
What is the units digit of 1295?
5
What is the tens digit of 1059?
5
What is the units digit of 801?
1
What is the thousands digit of 10479?
0
What is the tens digit of 43451?
5
What is the tens digit of 4593?
9
What is the thousands digit of 3415?
3
What is the hundreds digit of 759?
7
What is the thousands digit of 23086?
3
What is the thousands digit of 27116?
7
What is the hundreds digit of 5677?
6
What is the tens digit of 1755?
5
What is the tens digit of 51728?
2
What is the thousands digit of 12654?
2
What is the tens digit of 1364?
6
What is the units digit of 22046?
6
What is the tens digit of 153?
5
What is the tens digit of 3975?
7
What is the hundreds digit of 70529?
5
What is the thousands digit of 3386?
3
What is the thousands digit of 4405?
4
What is the tens digit of 49812?
1
What is the units digit of 12677?
7
What is the ten thousands digit of 33550?
3
What is the thousands digit of 3898?
3
What is the hundreds digit of 16880?
8
What is the units digit of 2683?
3
What is the ten thousands digit of 35000?
3
What is the tens digit of 1281?
8
What is the units digit of 1197?
7
What is the thousands digit of 26072?
6
What is the tens digit of 304?
0
What is the tens digit of 579?
7
What is the units digit of 5187?
7
What is the units digit of 1536?
6
What is the thousands digit of 5121?
5
What is the units digit of 98?
8
What is the units digit of 88509?
9
What is the units digit of 9065?
5
What is the thousands digit of 38815?
8
What is the hundreds digit of 14819?
8
What is the tens digit of 332?
3
What is the hundreds digit of 560?
5
What is the units digit of 851?
1
What is the thousands digit of 1541?
1
What is the units digit of 26754?
4
What is the hundreds digit of 1023?
0
What is the units digit of 5017?
7
What is the tens digit of 18376?
7
What is the units digit of 8079?
9
What is the hundreds digit of 17225?
2
What is the ten thousands digit of 18481?
1
What is the hundreds digit of 253?
2
What is the tens digit of 670?
7
What is the hundreds digit of 17187?
1
What is the hundreds digit of 821?
8
What is the units digit of 6047?
7
What is the units digit of 70?
0
What is the ten thousands digit of 40766?
4
What is the tens digit of 51680?
8
What is the ten thousands digit of 25933?
2
What is the tens digit of 9329?
2
What is the tens digit of 2086?
8
What is the tens digit of 1373?
7
What is the tens digit of 8166?
6
What is the tens digit of 26168?
6
What is the hundreds digit of 67157?
1
What is the units digit of 36930?
0
What is the hundreds digit of 5108?
1
What is the hundreds digit of 15715?
7
What is the thousands digit of 9253?
9
What is the ten thousands digit of 97421?
9
What is the thousands digit of 30355?
0
What is the thousands digit of 116769?
6
What is the ten thousands digit of 20165?
2
What is the hundreds digit of 367?
3
What is the ten thousands digit of 10526?
1
What is the thousands digit of 8756?
8
What is the hundreds digit of 1749?
7
What is the units digit of 994?
4
What is the units digit of 1500?
0
What is the hundred thousands digit of 101152?
1
What is the hundreds digit of 10122?
1
What is the hundreds digit of 21097?
0
What is the thousands digit of 30038?
0
What is the hundreds digit of 31951?
9
What is the units digit of 47?
7
What is the thousands digit of 4245?
4
What is the hundreds digit of 24547?
5
What is the ten thousands digit of 10362?
1
What is the tens digit of 95001?
0
What is the hundreds digit of 9455?
4
What is the tens digit of 6638?
3
What is the hundreds digit of 143?
1
What is the units digit of 12703?
3
What is the units digit of 23177?
7
What is the tens digit of 29332?
3
What is the thousands digit of 61944?
1
What is the thousands digit of 2329?
2
What is the hundreds digit of 827?
8
What is the ten thousands digit of 47721?
4
What is the units digit of 631?
1
What is the units digit of 9242?
2
What is the units digit of 12939?
9
What is the units digit of 6095?
5
What is the hundreds digit of 226?
2
What is the tens digit of 614?
1
What is the units digit of 133261?
1
What is the thousands digit of 6628?
6
What is the hundreds digit of 2044?
0
What is the tens digit of 5910?
1
What is the units digit of 8732?
2
What is the hundreds digit of 1788?
7
What is the tens digit of 752?
5
What is the tens digit of 1413?
1
What is the thousands digit of 18155?
8
What is the units digit of 75115?
5
What is the units digit of 1980?
0
What is the tens digit of 255?
5
What is the ten thousands digit of 68599?
6
What is the tens digit of 1361?
6
What is the ten thousands digit of 46263?
4
What is the hundreds digit of 90565?
5
What is the tens digit of 6713?
1
What is the tens digit of 176?
7
What is the units digit of 10703?
3
What is the hundreds digit of 3339?
3
What is the thousands digit of 5750?
5
What is the units digit of 45512?
2
What is the hundreds digit of 2270?
2
What is the units digit of 315?
5
What is the thousands digit of 1352?
1
What is the tens digit of 75307?
0
What is the thousands digit of 27280?
7
What is the units digit of 36?
6
What is the units digit of 27022?
2
What is the hundreds digit of 74716?
7
What is the units digit of 961?
1
What is the tens digit of 3959?
5
What is the ten thousands digit of 21106?
2
What is the thousands digit of 16117?
6
What is the hundreds digit of 2098?
0
What is the thousands digit of 26697?
6
What is the tens digit of 4060?
6
What is the units digit of 2054?
4
What is the tens digit of 45267?
6
What is the units digit of 238?
8
What is the tens digit of 8801?
0
What is the tens digit of 20611?
1
What is the ten thousands digit of 62372?
6
What is the tens digit of 243?
4
What is the tens digit of 3321?
2
What is t